 = 26 - u. Let n = -20 + z. Is n composite?
False
Let z(o) = 13*o - 3. Is z(4) a prime number?
False
Let w(v) = v**2 - 2*v. Let x be w(2). Suppose -u + 606 = -x*u. Is (-2)/7 + u/14 a prime number?
True
Let d be (-30)/9 - (-4)/(-6). Let n(p) = -3*p**3 - p**2 + 5*p + 5. Is n(d) a prime number?
False
Let s = -2 - -4. Let r be (53 - -1)/s*-1. Let v = 208 + r. Is v a prime number?
True
Let r(l) = l**2 + 8*l. Let v be r(-9). Suppose -3*c - v = -4*c. Is c composite?
True
Let b(a) = 16*a - 7. Let d(z) = -z**2 + 8*z - 1. Let k be d(7). Is b(k) composite?
False
Let h(l) = l + 2. Is h(8) prime?
False
Let j = 241 - 58. Is j composite?
True
Let z(s) = -31*s + 3. Let k(l) = -210*l + 27. Let v(u) = -u - 1. Let i(c) = -k(c) - 6*v(c). Let o(b) = 4*i(b) + 27*z(b). Is o(2) a prime number?
False
Let f be 2/5 - 403/(-5). Let i = f - 48. Is i prime?
False
Let c be (29/3 - 3)*3. Is (19/(-2))/((-2)/c) a prime number?
False
Suppose -t + 30 = -3*y, -122 + 37 = -5*t + 2*y. Let q be (-4 + (-57)/(-12))/((-2)/16). Is q/t - 17/(-5) a prime number?
True
Suppose -56 = -0*t + 2*t - 2*f, 2*t + 57 = f. Let z be -1 - (0 + t/1). Suppose 0 = -0*o + 4*o - z. Is o prime?
True
Suppose -3*t - a - 56 = 0, -2*a - 2*a + 16 = 0. Is (1265/t)/(3/(-12)) a composite number?
True
Suppose 4*s - 18 = 442. Is s a composite number?
True
Let x be -2 - (0 - (-1 + 4)). Is 146/x + (-2 - -1) prime?
False
Let v(r) = -2*r**3 - 4*r**2 + 9*r - 2. Let a be v(-7). Suppose -6*l + a = -l. Is l prime?
False
Let h = -29 - -19. Let z be 18/h + 4/(-20). Is 15 + (1 + -1)/z composite?
True
Suppose 0 = 3*d - d. Let m(u) = -u**3 + 7*u**2 + 9*u - 3. Let k be m(8). Suppose k*r - 105 = -d*r. Is r prime?
False
Let s(d) = 2*d**3 - 11*d**2 + 7*d + 5. Is s(13) composite?
True
Suppose 4*v + 391 = d, -4*d = d + 5*v - 1830. Is d composite?
True
Suppose 13*o - 116 = 15*o. Let l = 365 + o. Is l composite?
False
Suppose -3*n = -4*f - 0*n + 32, n + 24 = 4*f. Let u = f - -2. Suppose -3*v - 308 = -u*v. Is v a prime number?
False
Suppose -4*q - 785 = -5*q. Is q composite?
True
Suppose -a = 3*a - 12. Is (22/8)/(a/84) a composite number?
True
Let f(t) = 14*t**3 - t**2 - 2*t - 4. Is f(3) prime?
True
Let w = 26 - 15. Suppose -b = -0 - w. Suppose r - b = -4. Is r a composite number?
False
Let z(h) = 1410*h**2 + 4*h - 5. Is z(1) a prime number?
True
Let j(t) = -5*t**3 - 4*t**2 - 5*t - 1. Let n be j(-4). Suppose -2*b + 223 = -4*i - n, -b + 214 = 5*i. Is b composite?
False
Suppose 0 = 5*q + 9 + 11. Let s(j) = -j - 7. Let l be s(q). Is l/2*(-88)/6 a prime number?
False
Suppose 1242 = 2*i + i. Let v = i + -287. Is v prime?
True
Let a be 813*(3/(-9))/(-1). Suppose 0 = 3*c - 2*g - a, -5*c + 211 + 224 = 5*g. Is c a composite number?
False
Let s = 588 - 385. Is s a prime number?
False
Suppose 0*n = -n. Suppose n = 2*b - 5*k - 339, 3*b - 4*k = -0*b + 519. Is b a composite number?
True
Let p(l) = 2*l**2 - 2*l + 2. Suppose t = -3*t - 5*g + 36, 3*t = -g + 16. Is p(t) a prime number?
False
Suppose -8*n + 6 = -9*n. Is (-6)/9 - 2710/n a prime number?
False
Suppose -2*x + 161 = -189. Suppose 5*y - 4*s = -9*s + x, 2*s + 54 = 2*y. Is y a composite number?
False
Suppose 0 = -8*m + 3*m + 10. Suppose -3*x + 241 = -4*f + m*f, 0 = x - f - 79. Is x prime?
True
Let y be 5131/21 + (-4)/(-6). Suppose -3*q = -2*k + 7*k - y, -49 = -k - 3*q. Is k prime?
False
Let s(c) = 22*c - 2. Let v be s(-2). Let j = -7 - v. Is j composite?
True
Is (-6)/36 - 4010/(-12) composite?
True
Suppose -o + 3 = -1. Suppose -c = o*c. Suppose c = 5*p + w - 258 - 131, -5*p = -4*w - 369. Is p a composite number?
True
Suppose w - 748 = -3*w + 2*u, -u = 0. Is w composite?
True
Let x = 1237 + -796. Let v = 642 - x. Let d = v - 110. Is d a composite number?
True
Suppose x + 0 = 2*c - 10, -3*c = -15. Suppose 4*s = -l + 247, -l - 2*s + 255 = -x*s. Is l a composite number?
False
Suppose -8*w + 1012 = -4*w. Is w prime?
False
Let m(l) = -11*l**2 - 16*l - 9. Let c(o) = 5*o**2 + 8*o + 4. Let a(h) = -9*c(h) - 4*m(h). Let r be a(-8). Suppose -5*g + 175 = -r*g. Is g prime?
False
Suppose 67 = -3*z + 511. Suppose -4*l + 8*l = x + 25, 0 = -5*l + 3*x + 40. Suppose -z = -l*m + 67. Is m a prime number?
True
Suppose -5 = -4*t - 3*p, 4*t - 1 = -2*p + 5. Suppose -t*u = -227 - 41. Is u a prime number?
False
Let r be 4/16 + (-21)/(-12). Suppose r*f = f + 157. Is f a prime number?
True
Let u(i) = -34*i - 4. Let l(d) = d**2 + 6*d + 5. Let n be l(-6). Let m be u(n). Let f = m + 285. Is f a prime number?
False
Suppose 4*h + 243 = 3*f, 289 + 121 = 5*f - 5*h. Is f prime?
False
Suppose 0 = -10*o + 5*o + 20. Suppose 0 = o*g + 6 + 2. Let m = 0 - g. Is m a prime number?
True
Let t(l) = -2*l**3 - 11*l**2 + 6*l - 5. Let h be t(-9). Suppose -5*v + v = -h. Is v a composite number?
False
Let h(g) = -g**2 + 63. Let x = -4 - -4. Let z be h(x). Suppose f = -2*l + z, 0*l = 4*f + 5*l - 237. Is f prime?
True
Let r = 797 + -292. Is r prime?
False
Suppose -5*s = -4*x - 82, 4*s - 81 = 5*x + 26. Let y = x - -60. Let t = y - 12. Is t composite?
True
Let k be (2/4)/((-4)/(-32)). Suppose -p - 6 = -k*p. Suppose 5*m - 317 = -2*c, c - 159 = -0*c - p*m. Is c prime?
False
Let n(h) = 7*h + 4. Let x(u) = -u**2 - 4*u. Let i be x(-3). Is n(i) composite?
True
Let t(q) = 7*q**2 - 6*q - 2. Suppose -2*c - c = 0. Let k = c - 5. Is t(k) a composite number?
True
Suppose -p = w - 14, 6*w = w - 10. Suppose 3*o - 1 = -z - 2, 4*z - p = -2*o. Suppose 150 = z*x - 285. Is x composite?
True
Let a(i) = i**3 - 4*i**2 + 10. Is a(5) a prime number?
False
Suppose 0 = -2*y - 0*y + 2. Let i be ((-1 - -1)/1)/y. Suppose -3*d + 3*g + 90 = i, d = -2*d - 5*g + 130. Is d a composite number?
True
Suppose 2*c - 6*c = 8, -2*s - 5*c - 6 = 0. Let k(j) = 9*j + 2. Let i be k(s). Is i + (0 + -2)/2 a composite number?
False
Suppose 2*m = 4*j + 300, -j = -4*m + 3*j + 620. Suppose 3*x + 4*o = 2*o + 241, -2*x - o = -m. Is x prime?
True
Suppose -260 = 4*c - 1248. Is c a composite number?
True
Suppose -127 = -5*n + 83. Suppose 2*c - m - 20 = c, 2*c - n = m. Is c a prime number?
False
Let p = 39 + 11. Let y = p + -3. Is y prime?
True
Let c be ((-7)/(-2) - 0)*-2. Let u = c - -10. Suppose u*k + k + q = 27, -5*k - q + 34 = 0. Is k a composite number?
False
Suppose -z - 70 = -0*x + 4*x, 200 = -4*z + 4*x. Let h be -107*(2/(-2) + 2). Let b = z - h. Is b a prime number?
True
Let k(r) = r**3 + r**2 + 2*r + 395. Is k(0) a prime number?
False
Let s = -1459 + 2638. Suppose -c - 3*a = -3*c + s, 4*a = -5*c + 2959. Is c a prime number?
False
Suppose -4 = 4*g - 5*i, -2*g + 3*i = i. Is 2/4 - (-210)/g prime?
True
Let p(i) = -9*i - 21. Is p(-10) a composite number?
True
Suppose -18 = -10*j + 4*j. Is j composite?
False
Suppose x + 2*z - 6 = 0, 2*x + 4*z - 9 = z. Suppose -5*q + 2*j + 637 = x, 7*j + 638 = 5*q + 4*j. Is q a composite number?
False
Let g(l) = -2*l + 1. Let p be g(4). Is p/(-1 + 0/1) a prime number?
True
Let s = 35 - 23. Suppose -11*g - 127 = -s*g. Is g a prime number?
True
Let x be (-1 - -314) + 1 + 2. Suppose -x = -s - s. Suppose 0*f + 2*f = s. Is f composite?
False
Suppose 3*s - 1353 = 2*v, -2*s + 4*s + v - 895 = 0. Is s prime?
True
Let t be 2/(-4) + (-1)/(-2). Let v = t - 0. Let m(k) = -k + 25. Is m(v) a prime number?
False
Is (-356)/(-1) + 10 + -11 prime?
False
Suppose -5*f + 0*f = -15. Suppose f*h - 474 = -39. Is h a prime number?
False
Let n = 2539 - 1632. Is n a composite number?
False
Let p(k) = -5*k - 17. Let u(q) = -q. Let h(v) = p(v) + 5*u(v). Is h(-13) a composite number?
False
Let j = -102 - -169. Let n = j + -34. Is n a composite number?
True
Suppose -9*o + 188 + 649 = 0. Is o prime?
False
Let u(d) = 24*d**2 - 15*d + 43. Is u(10) a prime number?
True
Is 37 + (-3 - -4 - 1) a composite number?
False
Let x = -551 + 2032. Is x a prime number?
True
Let w = -4 + 14. Let n(q) = q**3 - 9*q**2 - 8*q + 2. Is n(w) a composite number?
True
Let l(i) = -16*i + 4. Let b = -6 + 2. Let o be l(b). Suppose o = -0*r + 2*r. Is r composite?
True
Let x = -35 - 3. Let i = 33 - x. Is i composite?
False
Suppose 0 = -3*m - 262 - 62. Let q = -58 - m. Suppose -3*v = -q - 19. Is v a prime number?
True
Let w(k) = 34*k**2 - 3*k - 1. Let c be w(-4). Suppose c = 3*t + 2*t. Suppose -m + t = 2*m. Is m composite?
False
Let k = 1201 - -198. Is k a prime number?
True
Suppose -3*f = -173 - 448. Let n = 308 + f. Is n prime?
Fals